 is divided by 91?
85
What is the remainder when 4148 is divided by 346?
342
Calculate the remainder when 408899 is divided by 302.
293
Calculate the remainder when 15850 is divided by 1212.
94
What is the remainder when 18064 is divided by 63?
46
What is the remainder when 1664 is divided by 548?
20
Calculate the remainder when 2132 is divided by 63.
53
Calculate the remainder when 6326 is divided by 52.
34
What is the remainder when 47419 is divided by 99?
97
Calculate the remainder when 17600 is divided by 569.
530
What is the remainder when 2695 is divided by 1275?
145
Calculate the remainder when 1211703 is divided by 104.
103
Calculate the remainder when 68886 is divided by 73.
47
What is the remainder when 1123036 is divided by 13?
5
Calculate the remainder when 6110 is divided by 2035.
5
Calculate the remainder when 9878 is divided by 308.
22
What is the remainder when 6402 is divided by 156?
6
What is the remainder when 3617 is divided by 362?
359
What is the remainder when 2360 is divided by 18?
2
What is the remainder when 23324 is divided by 76?
68
What is the remainder when 5806 is divided by 1446?
22
Calculate the remainder when 1501 is divided by 924.
577
Calculate the remainder when 6764 is divided by 354.
38
Calculate the remainder when 13906 is divided by 835.
546
What is the remainder when 33089 is divided by 29?
0
Calculate the remainder when 5559 is divided by 6.
3
What is the remainder when 50935 is divided by 50934?
1
Calculate the remainder when 7033 is divided by 117.
13
What is the remainder when 8838 is divided by 82?
64
What is the remainder when 20527 is divided by 20?
7
Calculate the remainder when 2780 is divided by 34.
26
What is the remainder when 4094 is divided by 1343?
65
What is the remainder when 3419 is divided by 1124?
47
Calculate the remainder when 59421 is divided by 19706.
303
What is the remainder when 47675 is divided by 73?
6
What is the remainder when 6711 is divided by 1666?
47
What is the remainder when 9446 is divided by 126?
122
Calculate the remainder when 4091 is divided by 205.
196
Calculate the remainder when 5560 is divided by 266.
240
What is the remainder when 427 is divided by 39?
37
What is the remainder when 765 is divided by 57?
24
What is the remainder when 187712 is divided by 82?
14
Calculate the remainder when 154413 is divided by 373.
364
What is the remainder when 67069 is divided by 140?
9
What is the remainder when 4740 is divided by 31?
28
Calculate the remainder when 9041 is divided by 66.
65
Calculate the remainder when 3045 is divided by 744.
69
Calculate the remainder when 1276 is divided by 93.
67
Calculate the remainder when 2505 is divided by 833.
6
What is the remainder when 140 is divided by 62?
16
What is the remainder when 239132 is divided by 203?
201
Calculate the remainder when 93687 is divided by 54.
51
What is the remainder when 41333 is divided by 26?
19
Calculate the remainder when 230256 is divided by 234.
0
What is the remainder when 3551 is divided by 38?
17
What is the remainder when 43767 is divided by 256?
247
What is the remainder when 122813 is divided by 32?
29
What is the remainder when 2962 is divided by 57?
55
What is the remainder when 4618 is divided by 189?
82
What is the remainder when 35708 is divided by 2231?
12
What is the remainder when 1015 is divided by 44?
3
Calculate the remainder when 57397 is divided by 110.
87
What is the remainder when 9000 is divided by 163?
35
Calculate the remainder when 2336 is divided by 440.
136
Calculate the remainder when 22380 is divided by 1865.
0
Calculate the remainder when 25048 is divided by 167.
165
What is the remainder when 6240 is divided by 490?
360
Calculate the remainder when 31471 is divided by 281.
280
Calculate the remainder when 122137 is divided by 124.
121
Calculate the remainder when 38292 is divided by 65.
7
What is the remainder when 823314 is divided by 205827?
6
What is the remainder when 2491 is divided by 752?
235
What is the remainder when 690989 is divided by 76?
73
What is the remainder when 253665 is divided by 286?
269
What is the remainder when 612 is divided by 270?
72
Calculate the remainder when 130847 is divided by 113.
106
What is the remainder when 26507 is divided by 3785?
12
What is the remainder when 526 is divided by 462?
64
Calculate the remainder when 16327 is divided by 272.
7
Calculate the remainder when 247335 is divided by 40.
15
What is the remainder when 96610 is divided by 15?
10
Calculate the remainder when 1998 is divided by 609.
171
What is the remainder when 7618 is divided by 1228?
250
Calculate the remainder when 18756 is divided by 115.
11
Calculate the remainder when 25718 is divided by 1607.
6
What is the remainder when 205047 is divided by 38?
37
Calculate the remainder when 245925 is divided by 24.
21
Calculate the remainder when 745 is divided by 39.
4
Calculate the remainder when 203493 is divided by 29068.
17
Calculate the remainder when 26983 is divided by 26973.
10
Calculate the remainder when 3030 is divided by 2952.
78
Calculate the remainder when 2687048 is divided by 305.
303
What is the remainder when 1782089 is divided by 43?
40
What is the remainder when 1245 is divided by 72?
21
What is the remainder when 49092 is divided by 731?
115
Calculate the remainder when 1135 is divided by 224.
15
What is the remainder when 43999 is divided by 1759?
24
Calculate the remainder when 8383 is divided by 73.
61
What is the remainder when 25554 is divided by 4252?
42
What is the remainder when 6049 is divided by 6048?
1
What is the remainder when 18102 is divided by 9034?
34
What is the remainder when 530882 is divided by 1039?
992
Calculate the remainder when 36975 is divided by 7394.
5
What is the remainder when 32071 is divided by 46?
9
What is the remainder when 7232 is divided by 278?
4
Calculate the remainder when 82268 is divided by 38.
36
What is the remainder when 2365 is divided by 257?
52
Calculate the remainder when 57103 is divided by 235.
233
Calculate the remainder when 1568 is divided by 577.
414
What is the remainder when 20332 is divided by 637?
585
Calculate the remainder when 8356 is divided by 2088.
4
What is the remainder when 3895 is divided by 648?
7
Calculate the remainder when 19492 is divided by 74.
30
Calculate the remainder when 15998 is divided by 49.
24
What is the remainder when 1968 is divided by 1236?
732
Calculate the remainder when 190242 is divided by 699.
114
Calculate the remainder when 148207 is divided by 153.
103
What is the remainder when 16467 is divided by 305?
302
What is the remainder when 9621 is divided by 9587?
34
Calculate the remainder when 18921 is divided by 18894.
27
Calculate the remainder when 3854 is divided by 73.
58
What is the remainder when 3062 is divided by 192?
182
Calculate the remainder when 19194 is divided by 6299.
297
What is the remainder when 95464 is divided by 54?
46
Calculate the remainder when 609522 is divided by 225.
222
Calculate the remainder when 15042 is divided by 1253.
6
What is the remainder when 248369 is divided by 439?
334
Calculate the remainder when 5764 is divided by 1207.
936
Calculate the remainder when 1840 is divided by 25.
15
Calculate the remainder when 22285 is divided by 518.
11
What is the remainder when 8037 is divided by 324?
261
What is the remainder when 3469 is divided by 23?
19
What is the remainder when 924 is divided by 186?
180
Calculate the remainder when 9220574 is divided by 455.
454
What is the remainder when 4879 is divided by 77?
28
Calculate the remainder when 5670 is divided by 1040.
470
What is the remainder when 1192 is divided by 487?
218
Calculate the remainder when 16348 is divided by 3977.
440
Calculate the remainder when 3887 is divided by 137.
51
Calculate the remainder when 55741 is divided by 250.
241
What is the remainder when 1861 is divided by 1822?
39
What is the remainder when 45584 is divided by 15?
14
What is the remainder when 351371 is divided by 84?
83
Calculate the remainder when 319113 is divided by 79758.
81
What is the remainder when 1547 is divided by 12?
11
Calculate the remainder when 67205 is divided by 107.
9
Calculate the remainder when 3163 is divided by 1495.
173
What is the remainder when 231